base 13
b51
Convert 3026 (base 12) to base 2.
1010001011110
-77bc (base 13) to base 14
-6141
Convert -514 (base 15) to base 4.
-101320
Convert -541a (base 16) to base 2.
-101010000011010
Convert -100030 (base 9) to base 12.
-2a230
-5cb7 (base 13) to base 9
-20045
-1104 (base 7) to base 2
-110001100
What is -2120001 (base 3) in base 9?
-2501
Convert 21002 (base 3) to base 16.
bf
What is 5060 (base 7) in base 8?
3335
What is -29883 (base 10) in base 14?
-ac67
-12667 (base 8) to base 5
-134214
10202210 (base 3) to base 7
11004
Convert -36c (base 15) to base 6.
-3333
-4740 (base 14) to base 16
-3074
14103 (base 11) to base 10
20089
What is -1630 (base 10) in base 12?
-b3a
What is -11111100 (base 2) in base 13?
-165
Convert -4104 (base 5) to base 6.
-2241
Convert 33677 (base 8) to base 12.
8313
1b86 (base 14) to base 3
20212212
What is 614 (base 13) in base 9?
1365
Convert 210002 (base 4) to base 3.
10011102
What is 424002 (base 6) in base 9?
52362
122200200 (base 3) to base 13
5b41
Convert 1101121111 (base 3) to base 9.
41544
120102 (base 4) to base 15
6d9
11010001010 (base 2) to base 12
b76
What is b77d (base 14) in base 6?
402335
Convert -356 (base 7) to base 10.
-188
Convert -27 (base 11) to base 15.
-1e
What is 10231302 (base 4) in base 15?
5ac9
1021011 (base 3) to base 4
32122
3915 (base 11) to base 6
35334
Convert -13615 (base 7) to base 5.
-104421
Convert -14542 (base 7) to base 8.
-7720
What is 949 (base 10) in base 13?
580
2222220 (base 4) to base 10
10920
What is -792 (base 10) in base 6?
-3400
Convert 7e7 (base 15) to base 12.
1054
Convert -770 (base 14) to base 5.
-21340
-12223210 (base 4) to base 6
-330404
Convert 13a (base 12) to base 10.
190
-146b4 (base 16) to base 11
-57923
-12231 (base 4) to base 8
-655
-452 (base 7) to base 6
-1025
-1c (base 16) to base 12
-24
-1188 (base 16) to base 10
-4488
Convert 1623 (base 7) to base 5.
10104
What is 1120121210 (base 3) in base 10?
31071
201011022 (base 3) to base 8
33217
582 (base 11) to base 7
2012
-54a (base 14) to base 2
-10000010110
Convert -230400 (base 5) to base 13.
-3989
204045 (base 6) to base 16
403d
Convert -10011011110 (base 2) to base 6.
-5434
What is 334545 (base 7) in base 13?
20c97
Convert -3478 (base 16) to base 15.
-3ea7
What is -1011101111010 (base 2) in base 11?
-4574
Convert -6c4 (base 14) to base 7.
-3634
What is -382 (base 13) in base 11?
-508
-18468 (base 9) to base 5
-402104
-1103 (base 6) to base 14
-143
Convert 5394 (base 14) to base 4.
3201212
2539 (base 11) to base 2
110011101101
-40aa (base 11) to base 16
-1544
-2561 (base 10) to base 12
-1595
What is -11052 (base 7) in base 10?
-2781
What is -1513 (base 13) in base 11?
-2330
58629 (base 10) to base 16
e505
-10213033 (base 4) to base 15
-58ea
120221 (base 5) to base 11
3373
Convert -5e (base 16) to base 8.
-136
What is 4209 (base 10) in base 13?
1bba
What is 11c1d (base 14) in base 3?
2012201120
What is 212035 (base 6) in base 9?
25655
What is -1310031 (base 4) in base 2?
-1110100001101
Convert 101220 (base 3) to base 16.
126
What is 3678 (base 11) in base 15?
1654
What is 1253 (base 6) in base 2?
101000001
203 (base 6) to base 2
1001011
-1001000100010 (base 2) to base 12
-282a
Convert -3aa7 (base 13) to base 14.
-30d4
-2211100 (base 3) to base 13
-c27
3321434 (base 5) to base 16
e190
What is b296 (base 14) in base 16?
77f4
Convert 5e93 (base 16) to base 15.
7291
Convert -12692 (base 11) to base 8.
-43322
103132 (base 4) to base 13
74b
101010011111101 (base 2) to base 12
10711
Convert 8eb8 (base 16) to base 3.
1212010012
-1333142 (base 5) to base 6
-330213
Convert -8698 (base 12) to base 11.
-10139
-288 (base 10) to base 6
-1200
What is 120 (base 3) in base 6?
23
4080 (base 11) to base 16
1524
Convert -108 (base 14) to base 8.
-314
What is 52111 (base 6) in base 8?
15453
What is -6312 (base 8) in base 10?
-3274
5703 (base 8) to base 13
14a8
17055 (base 8) to base 15
2450
What is c2 (base 14) in base 7?
332
What is -55 (base 9) in base 2?
-110010
Convert 51445 (base 6) to base 9.
10372
What is 5680 (base 13) in base 6?
132011
What is -10a01 (base 11) in base 14?
-5ac4
-28870 (base 10) to base 16
-70c6
What is 4803 (base 13) in base 12?
5a53
What is -506 (base 14) in base 11?
-817
Convert 1111000 (base 4) to base 3.
21110111
Convert -44008 (base 10) to base 7.
-242206
Convert 172 (base 16) to base 11.
307
What is 114333 (base 6) in base 5?
310230
-101000010010 (base 2) to base 3
-10112111
2289 (base 11) to base 2
101110111001
Convert 73 (base 14) to base 3.
10202
121402 (base 8) to base 4
22030002
-111023 (base 5) to base 15
-1243
-111 (base 9) to base 7
-160
Convert 12100222 (base 3) to base 15.
125e
Convert -c37d (base 16) to base 10.
-50045
Convert 203112 (base 6) to base 2.
11111101110100
2020 (base 5) to base 9
318
7204 (base 8) to base 13
18cb
Convert -243023 (base 5) to base 4.
-2032302
Convert -159 (base 13) to base 11.
-201
What is 328a (base 11) in base 14?
1817
Convert -1063 (base 10) to base 5.
-13223
What is -110b (base 16) in base 4?
-1010023
11104 (base 14) to base 12
1bb28
What is -5551 (base 7) in base 8?
-3714
Convert 15474 (base 11) to base 13.
9c48
Convert 120222222 (base 3) to base 12.
68bb
What is -17031 (base 11) in base 9?
-35817
What is -12200 (base 7) in base 4?
-301301
Convert 3817 (base 10) to base 3.
12020101
-1121112101 (base 3) to base 6
-402531
-4112 (base 7) to base 16
-596
Convert -138e (base 16) to base 13.
-2381
Convert -110000000 (base 2) to base 4.
-12000
-278 (base 11) to base 12
-233
Convert 340 (base 16) to base 7.
2266
-2723 (base 8) to base 15
-696
Convert 8ec (base 16) to base 6.
14324
4434 (base 6) to base 9
1364
What is 523344 (base 6) in base 3?
2010222001
12132 (base 5) to base 4
32111
What is -4863 (base 9) in base 7?
-13362
What is -229 (base 14) in base 5?
-3204
20210211 (base 3) to base 7
20320
Convert -3012 (base 4) to base 6.
-530
Convert 11011001000 (base 2) to base 14.
8c0
Convert 33623 (base 8) to base 14.
5283
-2b8a (base 13) to base 16
-18df
Convert -11010010100 (base 2) to base 5.
-23214
-4580 (base 9) to base 2
-110101000001
What is 241214 (base 6) in base 8?
51052
What is 880 (base 15) in base 13?
b49
36990 (base 10) to base 8
110176
What is -2b8 (base 12) in base 5?
-3203
-2905 (base 16) to base 11
-7987
What is -122211010 (base 3) in base 8?
-31276
Convert -1122122022 (base 3) to base 14.
-bc07
1010234 (base 6) to base 12
2397a
What is -165 (base 13) in base 6?
-1100
-4354 (base 6) to base 7
-2635
Convert 122201 (base 3) to base 14.
262
778b (base 12) to base 2
11001110011011
-42 (base 16) to base 15
-46
Convert 36a (base 14) to base 2.
1010101010
-e3b (base 15) to base 11
-2455
What is 3233 (base 4) in base 11?
1a8
What is -14061 (base 8) in base 5?
-144233
What is -2421 (base 8) in base 11?
-a7a
Convert -410355 (base 6) to base 11.
-224a5
124 (base 6) to base 15
37
-565 (base 10) to base 9
-687
-4074 (base 9) to base 15
-d3d
Convert 20455 (base 8) to base 4.
2010231
What is 20311223 (base 4) in base 13?
1362b
Convert -28773 (base 10) to base 13.
-10134
-501051 (base 6) to base 8
-114327
What is -4370 (base 8) in base 3?
-10011001
What is -326 (base 12) in base 15?
-20c
Convert -11102200 (base 3) to base 4.
-302133
Convert -31663 (base 11) to base 9.
-70145
-15115 (base 8) to base 11
-5071
Convert -183 (base 10) to base 9.
-223
Convert -5a (base 14) to base 3.
-2222
-20461 (base 8) to base 4
-2010301
What is -1121102020 (base 3) in base 12?
-16396
-10010101010011 (base 2) to base 6
-112123
Convert -110011001 (base 2) to base 16.
-199
Convert 101212122 (base 3) to base 9.
11778
221 (base 10) to base 4
3131
What is -1714 (base 8) in base 3?
-1100000
-1633 (base 11) to base 13
-c50
Convert -11202220 (base 3) to base 9.
-4686
What is 22013200 (base 4) in base 11?
29153
Convert 152 (base 13) to base 5.
1421
Convert 1859 (base 10) to base 16.
743
What is 101010001 (base 2) in base 6?
1321
What is -444140 (base 5) in base 14?
-5945
Convert 1c22 (base 16) to base 12.
4202
-230301 (base 6) to base 2
-100110001011101
What is -343 (base 11) in base 3?
-120012
-1ab (base 13) to base 10
-310
357 (base 12) to base 16
1f3
-10220 (base 3) to base 10
-105
Convert 21200 (base 7) to base 2.
1010001111011
Convert -1187 (base 10) to base 4.
-102203
Convert d530 (b